 Suppose -11*i = -12*i + 156. Suppose 2*w - 3 = 3, i = -3*z + 3*w. Let t = z + 50. Give f(t).
-14
Let o(h) = -h - 5*h**2 - 8*h + 2*h**3 + 0*h**2 + 3*h - 3 - 3*h**3. Give o(-5).
27
Suppose 0 = -7074*o + 7019*o + 440. Let h(d) = 35*d - 279. Calculate h(o).
1
Let b(q) = 2*q**2 - 12. Let p(d) = -d**3 + 5*d**2 - 50*d + 445. Let h be p(7). What is b(h)?
6
Suppose -d - 3*u + 33 = 0, 6*u - 9*u - 39 = -d. Let v = 87 + -46. Let y = v - d. Let j(q) = q + 2. Give j(y).
7
Let b(a) = -5*a**3 - 9*a**2 - 44*a. Let u(c) = -c**3 - 6*c**2 - 2*c. Let g(s) = -b(s) + 4*u(s). What is g(12)?
0
Suppose 5*z - 15 = 0, -6*f = -f + 5*z - 25. Let v(t) = -14*t**2 + 30*t - 3. Give v(f).
1
Let z(l) = l**3 - l**2 - 2*l - 1. Let a(n) = -74 - 2*n + 154 - 75. Let m be a(3). What is z(m)?
-1
Let f(n) = -30 + 3*n + 18*n - 730586*n**2 + 730583*n**2. What is f(5)?
0
Let h(g) = g**3 + 7*g**2 + g + 9. Suppose -3*n = -90*n - 501 - 108. What is h(n)?
2
Let k(o) = -o**3 + 18*o**2 - 18*o - 26. Suppose -z = -15*n + 17*n - 37, 5*z = n - 2. Calculate k(n).
-43
Let t(r) be the second derivative of -11/12*r**4 - 1/20*r**5 + 114 - 3*r**2 - 2*r - 1/6*r**3. Calculate t(-11).
5
Let q(v) = 4*v. Suppose 2*h + 17 = -3*m + 66, 2*h = 2*m - 26. Let p be 10/1 - m/(-5). Let c = p - 17. Calculate q(c).
-16
Let g(h) = 11*h - 301. Let z(k) = 4*k - 162. Let s(w) = -7*g(w) + 13*z(w). Let a be (-2)/(-4) + (-3)/(-6). Determine s(a).
-24
Let s(j) = -10*j**3 + 2*j**2 + 8*j + 7. Let t be s(-1). Let k(o) = -8*o**3 + 13*o**3 - 6*o**3 + 6 - 21 - 10*o + 12*o**2. Determine k(t).
-4
Let x(y) = -527050 - 3*y + 15*y + 527041. Give x(4).
39
Let i(k) = -3*k - 6. Let y(m) = -8*m - 11. Let u(r) = 5*i(r) - 2*y(r). Calculate u(-3).
-11
Let m(w) = 19*w + 21. Let c(k) = -30*k - 23. Let n(o) = -2*c(o) - 3*m(o). What is n(10)?
13
Let i(y) = 269 - 8*y - y**2 + 166 - 369. Calculate i(-10).
46
Let n(t) = 4346*t + 4343*t - 8689*t + 10 + t**2. Calculate n(0).
10
Let s(k) be the first derivative of 2*k**3/3 + 44*k**2 + 183*k - 6683. What is s(-42)?
15
Let q(l) = 72*l**2 + l - 2. Let n(y) = -32*y**2 - y + 1. Let g(z) = -7*n(z) - 3*q(z). What is g(-1)?
3
Let d(c) be the first derivative of 0*c**3 + 18 + 0*c + 1/120*c**6 - 10*c**2 + 1/12*c**5 + 1/6*c**4. Let t(f) be the second derivative of d(f). What is t(-5)?
-20
Let g be 4/16 + ((-2)/(-4) - 2754/(-136)). Let u(s) = 2*s**2 - 44*s + 23. Calculate u(g).
-19
Suppose b - 4*v - 358 = -342, -2*b - v + 14 = 0. Let f(p) = 10*p - 44. Calculate f(b).
36
Let i(n) = 3*n + 24 - 18 - 2*n. Let d be 156 + -154 - (3 - -1). What is i(d)?
4
Let g be -4 - 122/(-6) - (-12)/18. Let h(x) = x**2 + 8*x + 42 - g - 20. Calculate h(-6).
-7
Let k = -734 + 734. Let g be (-1)/(-2 - (-27)/15). Let h(n) = 6*n + 4 - g*n - 16. Determine h(k).
-12
Let c(f) = -f + 16. Let q(r) = -r**2 - 78*r + 337. Let t be q(-82). What is c(t)?
7
Let s be (-4 + (-13)/(-4))/(2/(-96)). Suppose -18*l - s = -12*l. Let m(i) = -i**2 - 7*i + 3. Calculate m(l).
9
Let q(z) = z**3 + 5*z**2 + 6*z + 1. Suppose -5*n - 83*c = -86*c + 17, -2*c = 4*n + 18. Determine q(n).
-7
Let a(o) = 9*o**3 + 15*o - 9. Let s(v) = 2*v**3 + v**2 + 2*v - 1. Let f(m) = -a(m) + 5*s(m). Give f(-6).
-2
Let a(f) = -3*f**2 - 5*f - 8. Let p be a(-4). Let w = -34 - p. Let u(g) = 0*g**w + 5*g**2 + 6*g**2 - 1 - 6*g**2. Calculate u(-1).
4
Let n(d) = -d**2 - 10*d + 2. Suppose -w - 726 = 3*z, 20*z + 1193 = 15*z + 4*w. Let a = z + 230. Calculate n(a).
-9
Suppose 12*f - 3*f - 36 = 0. Let r(v) = f - v + 2*v + 6*v - 6*v. Determine r(3).
7
Let a(d) be the second derivative of 8*d**3/3 - 9*d**2/2 - 1186*d - 2. Calculate a(2).
23
Let r(k) = -184*k + 20. Let s(b) = -209*b + 18. Let a(g) = 7*r(g) - 6*s(g). What is a(1)?
-2
Suppose 3*z + 2*u - 3*u - 9 = 0, -3*z = 5*u + 9. Let p(q) = -q - 17. Let f(k) = -16 - 11 + 31 - 12. Let h(a) = z*p(a) - 5*f(a). Calculate h(5).
-4
Let q(t) be the second derivative of 5*t**3/6 - 2*t**2 + 2*t - 45. Let l = -26 + 32. Let y = 3 - l. Give q(y).
-19
Suppose -s - 2 = -2*s. Let k(g) = 1 + 3*g**2 - 2*g**s + g**2. Suppose -12 = v - 2*n, -3*v + 29*n - 25*n = 22. Give k(v).
9
Let f(q) = 9*q**2 + 1324*q + 4031. Let o be f(-144). Let c = -8 + 13. Let w(y) = -y - 1 - c*y - 2*y. Give w(o).
7
Let a(b) = -5*b**2 - 2*b - 3 + 8 - 1026*b**3 + 1027*b**3. Let k be 6/(-10) + 364/65. Calculate a(k).
-5
Let b be 3*10/(-3)*(2 + 15/(-10)). Let f(m) be the first derivative of -m**2 - m - 1. What is f(b)?
9
Let c be ((-2)/3)/(7/((-315)/10)). Let f be 3/(((-45)/150)/(c/(-5))). Let l(q) = -q**3 + 5*q**2 + 5*q + 1. Give l(f).
-5
Let q = -529 - -531. Suppose q*k = -3*o - 2, k + 0*o + 8 = 2*o. Let a(f) = -3*f**2 - 4*f + 5. Determine a(k).
-27
Let q be (-2)/(-6)*(-48)/4. Let t be (-2)/q*-8 - 5. Let k(o) be the first derivative of -o**2/2 - 4*o - 6. Calculate k(t).
5
Let y(w) = -w**2 + w. Let k(x) = -2*x**2 + 11*x - 9. Let j(i) = -k(i) + 3*y(i). Suppose 3*t = 3*r + 87, -3*t - r + 87 = 2*r. Let m = t - 39. Determine j(m).
-11
Let n(c) = c + 23. Let f(s) = -8. Let p(v) = -8*f(v) - 3*n(v). Suppose 5*h + 8 = h. Let t be 4 + -8 + h/1. Calculate p(t).
13
Let x be (-1)/((-15)/5 + 4). Let y be -1*(-3 + (x - -4)). Let g(p) = p**2 - p - 30. Calculate g(y).
-30
Let g(z) = -35 - 286*z**3 + 129*z**3 - 2*z + 156*z**3. Calculate g(0).
-35
Let l(i) = i**2 - 4*i - 10. Let h(f) = -3*f**2 + 12*f + 34. Suppose -70 = -51*a + 61*a. Let c(n) = a*l(n) - 2*h(n). What is c(-1)?
-3
Let r(m) = 5*m + 5. Let l be 15*(-2)/(-40) - 325/(-4). Let a = l - 84. Calculate r(a).
-5
Suppose -2*z = b + 2, 3*z + 5*b + 64 - 75 = 0. Let j(t) = 3*t**2 + t + 20. Let h(m) = 2*m**2 + 3*m + 19. Let p(c) = z*j(c) + 4*h(c). Give p(11).
-6
Let b(h) = 6*h**3 + 29*h**2 - 16*h + 70. Let a(k) = k**3 + 5*k**2 - 3*k + 14. Let q(g) = 11*a(g) - 2*b(g). Give q(-3).
17
Let a = -3 - 4. Let t(i) = 9*i**2 - 12*i + 4. Let h(z) = 4*z**2 - 6*z + 2. Let y be (54/(-15) + 3)*65/(-7 - 6). Let b(g) = a*h(g) + y*t(g). Determine b(6).
-2
Let h(k) = 9*k - 24. Let p(r) be the second derivative of 8*r**3/3 - 47*r**2/2 + 9*r - 4. Let v(u) = -7*h(u) + 4*p(u). Determine v(16).
-4
Let a = 14849 + -14815. Let j(n) = -n**2 + 36*n. What is j(a)?
68
Let b(l) = 8*l - 46. Let k(j) = 4*j - 22. Let z(t) = -6*b(t) + 13*k(t). Determine z(10).
30
Let t(m) be the first derivative of 3*m**4/4 - 29*m**3/3 - 6*m**2 + 20*m - 2367. Calculate t(10).
0
Suppose 24*p + 21 = 25*p. Let a(d) = 25*d + p*d - 47*d. What is a(-6)?
6
Let g(v) = 4*v - 17. Suppose -93*n - 130 = -119*n. Determine g(n).
3
Let n = -67 - 87. Let h = -151 - n. Let t(c) = 5*c - 2. Determine t(h).
13
Let d(r) be the second derivative of r**5/20 + 5*r**4/12 - 17*r**3/6 - 21*r**2/2 + 1283*r. Give d(-7).
0
Let s be ((-3)/(9/6))/(-1). Suppose 8 = -4*p, -2 = -2*r - 4*p + s. Let v(z) = -8*z**2 + 24*z**2 + 4*z - r*z**2 - 7 - 9*z**2. Calculate v(-6).
5
Let c be 192/27 - (-221)/(-1989). Let j(o) = o**2 - 1. Let g(k) = -4*k**2 - 4*k + 13. Let h(t) = g(t) + 5*j(t). Calculate h(c).
29
Suppose d - 2*h + 8 = 0, -d - 14 = 27*h - 30*h. Let w(v) = 25*v - 83. What is w(d)?
17
Let t(h) = 3*h**2 + 6*h + 11. Let o(c) = 2*c**2 + 5*c + 7. Let s(n) = 5*o(n) - 4*t(n). Calculate s(0).
-9
Suppose 5*j + 2*f + 72 = 0, -3*j + f = 72 - 20. Let a(m) = m**2 + 18*m + 33. What is a(j)?
1
Let f(a) = -a**2 + 35*a - 66. Suppose -b + 21 = 2*r, -2*b + 15*r + 54 = 17*r. Give f(b).
0
Let i(f) = -131*f**3 - 3*f**2 - 10*f - 5. Let k(x) = 14*x**3 + x + 1. Let o(n) = i(n) + 9*k(n). Give o(2).
-50
Let u(s) be the second derivative of s**6/720 - s**5/24 + s**4/6 + 119*s**3/6 + 249*s. Let p(w) be the third derivative of u(w). Calculate p(7).
2
Let x(s) = s**3 + 4*s**2 - 5*s + 2. Suppose 0 = -12*p + 6*p. Suppose -z + u = z - 10, z + u - 11 = p. Let k = z + -11. Give x(k).
22
Let r(b) = 14*b - 145. Suppose -21*s - 10*s - 271 = -550. What is r(s)?
-19
Let a(g) = 6*g**2 - 3050 - 7*g**2 + 3053 + 7*g - 5*g. Suppose 3*d + 4*p = 2*d - 8, 0 = d - 5*p - 28. Let s = 11 - d. Give a(s).
0
Let u(i) be the third derivative of -i**4/12 - 8*i**3/3 - 3368*i**2. What is u(16)?
-48
Let w be (6/10)/(9/45). Let l be 5 + w*(-15)/9. Let t(q) = q**2 + 2. What is t(l)?
2
Let n(k) be the second derivative of 0 + 1/10*k**5 - 2/3*k**3 - k**2 + 1/12*k**4 - 186*k. What is n(-3)?
-35
Let g(o) = -o**3 + 3*o**2 + 6*o - 1. Let y(u) = -u**3 + u**2 - 5*u - 50. Let b be y(-7). Suppose -b*j + 372*j = -20. What is